00101100
What is -14144300 (base 5) in base 10?
-146825
1343105031 (base 6) to base 11
9281434
-22615661 (base 7) to base 5
-1002101204
Convert 34304224 (base 5) to base 7.
2415334
-343462 (base 9) to base 16
-32486
2360542 (base 8) to base 10
647522
What is 215371 (base 8) in base 16?
11af9
Convert 252335333 (base 7) to base 2.
111100110100000111101101
5725518 (base 9) to base 2
1011110001110101111001
11222032213 (base 4) to base 6
51444531
What is -30141302 (base 5) in base 10?
-240202
What is -147b42 (base 14) in base 10?
-712910
Convert 211030011 (base 4) to base 5.
14333300
Convert -10200211010022 (base 3) to base 2.
-111011111101011001000
Convert -1739a2 (base 14) to base 7.
-6641362
16c5d (base 16) to base 12
45b91
aa7b6 (base 12) to base 10
225786
Convert 1110010110000111001 (base 2) to base 10.
470073
What is -2669955 (base 12) in base 9?
-15272772
What is 832716 (base 15) in base 9?
12653103
Convert -60160 (base 11) to base 4.
-111133201
What is 20212200023 (base 4) in base 2?
1000100110100000001011
255220255 (base 6) to base 7
60405464
Convert -5164320 (base 7) to base 10.
-620991
What is -111011000111011010110000 (base 2) in base 15?
-1561a05
What is -1500054 (base 7) in base 11?
-128615
Convert 36402421 (base 7) to base 15.
44159d
What is -174801 (base 12) in base 14?
-a673b
-123103132110 (base 4) to base 15
-965bbc
3130031320 (base 4) to base 10
902008
-23440341 (base 6) to base 8
-2636005
Convert 660286 (base 10) to base 11.
4110a0
457c4 (base 13) to base 9
212555
Convert 132243 (base 10) to base 13.
48267
Convert -2431414 (base 6) to base 10.
-128674
What is -57b81 (base 14) in base 13?
-76286
What is 1502641 (base 8) in base 15?
869a0
Convert -6312244 (base 9) to base 5.
-1330432024
-10110111000000 (base 2) to base 3
-121001210
-2b3a876 (base 12) to base 10
-8789850
What is 839913 (base 12) in base 13?
5760ba
What is 1165a82 (base 11) in base 2?
111101111001101111101
Convert -111000010101010101 (base 2) to base 4.
-320111111
Convert -41311124 (base 5) to base 4.
-1102211301
-145104333 (base 7) to base 3
-200012001200000
What is 2120220112202 (base 3) in base 15?
1c2a9b
What is 340213 (base 6) in base 8?
67661
-11196a (base 11) to base 2
-101011100000001100
What is 1110010222221 (base 3) in base 5?
144124201
71335 (base 12) to base 6
3054105
-101111100001011101100 (base 2) to base 14
-2c7708
What is -22199 (base 11) in base 10?
-32173
47998 (base 11) to base 14
1b261
What is -ec1d4 (base 15) in base 8?
-2670152
Convert bfd7 (base 16) to base 15.
e841
What is 1523125 (base 7) in base 13?
7363c
Convert 112100032 (base 6) to base 10.
2060660
What is 121301355 (base 6) in base 14?
441abd
What is -4030141 (base 5) in base 7?
-355550
What is 8a96091 (base 11) in base 5?
13034012403
What is bb9ba (base 12) in base 10?
248542
Convert 100002662 (base 7) to base 12.
1b20855
Convert 1742722 (base 13) to base 11.
4294226
141987 (base 10) to base 6
3013203
3030033403 (base 5) to base 9
12421247
What is -30003102012 (base 4) in base 15?
-4260b9
Convert -333032131 (base 4) to base 8.
-771635
143143 (base 11) to base 12
a9600
What is -400404 (base 8) in base 11?
-8a743
What is 334253 (base 10) in base 6?
11055245
What is 10200121022100 (base 3) in base 12?
7a6676
Convert 43130320 (base 5) to base 7.
3045365
-16044c0 (base 15) to base 13
-33cb163
Convert 22533640 (base 7) to base 8.
7421275
What is 4118205 (base 9) in base 14?
412b13
Convert 63369 (base 11) to base 16.
16875
Convert 21002122212 (base 3) to base 5.
13432341
-cc3df (base 16) to base 12
-344167
What is 55065505 (base 7) in base 8?
22007233
What is -3044142 (base 6) in base 10?
-146078
12211012101 (base 3) to base 15
23e4d
Convert 18b297 (base 13) to base 2.
10011000011100011010
-7ac966 (base 15) to base 5
-3000130441
What is 1bc70 (base 15) in base 16?
161bb
What is -182973 (base 10) in base 6?
-3531033
29529 (base 10) to base 15
8b39
-3558364 (base 9) to base 6
-105200134
What is 14da2 (base 14) in base 16?
cb72
What is 110111010111010001100 (base 2) in base 8?
6727214
What is -1111112021111 (base 3) in base 2?
-11000010110000100000
Convert -368acf (base 16) to base 10.
-3574479
Convert 201cc (base 16) to base 13.
47b3b
Convert 122103 (base 8) to base 15.
c6d6
What is -42417 (base 16) in base 8?
-1022027
Convert 285179a (base 11) to base 8.
22560016
What is -718587 (base 10) in base 2?
-10101111011011111011
Convert -7828801 (base 9) to base 3.
-21220222220001
What is -2422940 (base 11) in base 2?
-10000000110010111110011
-1141014320 (base 5) to base 4
-22030212331
2406400 (base 7) to base 2
1001010011010001100
Convert 21234743 (base 8) to base 14.
8614d5
-147114 (base 9) to base 3
-11121010111
Convert 7571100 (base 8) to base 13.
560175
afe6 (base 16) to base 3
2021202210
-333335553 (base 6) to base 16
-5c459d
What is 142842 (base 10) in base 14?
3a0b0
What is 3a1308 (base 16) in base 4?
32201030020
Convert 2298233 (base 13) to base 16.
a2d469
What is -32332303 (base 4) in base 3?
-10010011201
What is -21404260 (base 7) in base 9?
-3404044
What is -403286 (base 9) in base 4?
-322100133
Convert 11022201133 (base 4) to base 2.
101001010100001011111
Convert 2453131 (base 6) to base 3.
20200112001
Convert -41034325 (base 6) to base 7.
-12645542
Convert -44631 (base 15) to base 7.
-1563544
What is 491a2 (base 12) in base 14?
27dc6
Convert 199a01 (base 16) to base 12.
68ab69
What is 1254062 (base 9) in base 5?
133412231
Convert -5546b6 (base 12) to base 14.
-274118
What is -6050016 (base 9) in base 12?
-10b4336
What is 3ef1c (base 16) in base 12?
105250
Convert 1245ba8 (base 12) to base 14.
6917a0
What is -12002120201011 (base 3) in base 16?
-295237
460128 (base 10) to base 6
13510120
What is 1c257 (base 14) in base 12?
35685
1b809 (base 12) to base 3
2002010000
What is -36142535 (base 7) in base 11?
-1899149
What is 36854b (base 15) in base 16?
27d397
Convert -21021002012 (base 4) to base 15.
-32502e
Convert -4c5d (base 16) to base 7.
-110665
-352347 (base 12) to base 11
-533792
What is -10011000111001000 (base 2) in base 10?
-78280
Convert 322511 (base 8) to base 11.
74035
3318651 (base 9) to base 3
10100122201201
74a775 (base 13) to base 5
1200032134
What is -1576470 (base 9) in base 14?
-18ba58
Convert 31215603 (base 7) to base 3.
11221102121120
Convert 13030103421 (base 5) to base 3.
1002211220221000
-9cc275 (base 15) to base 13
-171cc95
7624a (base 11) to base 7
640641
Convert -10c34 (base 16) to base 9.
-114158
-5121502 (base 6) to base 12
-b9292
-24bd1 (base 16) to base 12
-73101
Convert 201422313 (base 5) to base 6.
25214234
-ac3b (base 14) to base 16
-7495
111221102012212 (base 3) to base 8
34206531
What is 1be12 (base 15) in base 7?
526031
What is 1222122021012 (base 3) in base 13?
2ac734
Convert -47b32 (base 12) to base 11.
-66695
100760 (base 9) to base 6
1140130
-746613 (base 8) to base 11
-160280
5a93a2 (base 11) to base 13
279ab0
What is -313744 (base 10) in base 6?
-10420304
2120101222022 (base 3) to base 16
14d86f
What is -9805 (base 13) in base 5?
-1134010
100010010101111111000 (base 2) to base 7
12364646
9a714 (base 16) to base 12
266104
-201001211220020 (base 3) to base 4
-212222003322
What is -2056660 (base 8) in base 2?
-10000101110110110000
Convert -21012110210120 (base 3) to base 7.
-44351601
-32225060 (base 7) to base 12
-b05218
What is 511140 (base 6) in base 8?
117004
Convert -2020122202120 (base 3) to base 10.
-1193928
What is -1422525202 (base 6) in base 8?
-102564002
What is -11465445 (base 8) in base 16?
-266b25
Convert -458666 (base 14) to base 10.
-2366594
Convert -1716823 (base 11) to base 15.
-3cae0d
132425104 (base 6) to base 10
2647552
What is -655051 (base 8) in base 13?
-78cc2
24002344 (base 6) to base 13
202066
3150555 (base 6) to base 8
455507
-150314 (base 8) to base 7
-311560
What is 4616244 (base 8) in base 14?
248656
30651146 (base 7) to base 16
276d5e
-1441366 (base 7) to base 14
-510dd
Convert 121022210 (base 3) to base 11.
8a3a
Convert d5971b (base 16) to base 6.
1220004511
102001001002 (base 3) to base 2
110101000010110111
Convert -145cc5 (base 15) to base 12.
-3b40ab
51913 (base 11) to base 16
12777
What is 1044 (base 15) in base 2?
110101101111
Convert -3555615 (base 8) to base 7.
-11163542
64044 (base 7) to base 5
1001220
8c9bb 